{"id":48,"date":"2016-10-27T09:58:28","date_gmt":"2016-10-27T07:58:28","guid":{"rendered":"http:\/\/medovasamota.cz\/domains\/medovasamota.cz\/?page_id=48"},"modified":"2026-04-03T20:56:47","modified_gmt":"2026-04-03T18:56:47","slug":"o-nas","status":"publish","type":"page","link":"https:\/\/medovasamota.cz\/domains\/medovasamota.cz\/o-nas\/","title":{"rendered":"O n\u00e1s"},"content":{"rendered":"\t\t<div data-elementor-type=\"wp-page\" data-elementor-id=\"48\" class=\"elementor elementor-48\">\n\t\t\t\t<div class=\"elementor-element elementor-element-4bf67a5 e-flex e-con-boxed e-con e-parent\" data-id=\"4bf67a5\" data-element_type=\"container\" data-e-type=\"container\">\n\t\t\t\t\t<div class=\"e-con-inner\">\n\t\t\t\t<div class=\"elementor-element elementor-element-73c9aa9 elementor-widget elementor-widget-text-editor\" data-id=\"73c9aa9\" data-element_type=\"widget\" data-e-type=\"widget\" data-widget_type=\"text-editor.default\">\n\t\t\t\t<div class=\"elementor-widget-container\">\n\t\t\t\t\t\t\t\t\t<p><span style=\"font-size: 24pt;\">\ud83c\udf6f<strong> Rodinn\u00e1 tradice a poctiv\u00fd med<\/strong><\/span><\/p>\t\t\t\t\t\t\t\t<\/div>\n\t\t\t\t<\/div>\n\t\t<div class=\"elementor-element elementor-element-aea2490 e-grid e-con-full e-con e-child\" data-id=\"aea2490\" data-element_type=\"container\" data-e-type=\"container\">\n\t\t\t\t<div class=\"elementor-element elementor-element-fdb0ad0 elementor-widget elementor-widget-text-editor\" data-id=\"fdb0ad0\" data-element_type=\"widget\" data-e-type=\"widget\" data-widget_type=\"text-editor.default\">\n\t\t\t\t<div class=\"elementor-widget-container\">\n\t\t\t\t\t\t\t\t\t<h2 data-pm-slice=\"1 3 []\">V\u00edce ne\u017e 70 let s l\u00e1skou ke v\u010del\u00e1m<\/h2><p>V\u010dela\u0159en\u00ed nen\u00ed pro mne jen prac\u00ed, je to kon\u00ed\u010dek, je to <strong>\u017eivotn\u00ed styl a d\u011bdictv\u00ed<\/strong>. V\u010dely chov\u00e1me v na\u0161\u00ed rodin\u011b v\u00edce ne\u017e <strong>sedm desetilet\u00ed<\/strong>. J\u00e1 s\u00e1m jsem mezi \u00faly vyrostl a v\u010dely m\u011b prov\u00e1zej\u00ed cel\u00fdm \u017eivotem.\u00a0<\/p><p>V sou\u010dasn\u00e9 dob\u011b pe\u010dujeme o p\u0159ibli\u017en\u011b <strong>100 produk\u010dn\u00edch v\u010delstev<\/strong> v \u010dist\u00fdch lokalit\u00e1ch <strong>Kerska a \u010ceskobrodska<\/strong>.<\/p><ul><li><strong>Prodej \u201eze dvora\u201c:<\/strong> D\u00edky na\u0161im v\u011brn\u00fdm z\u00e1kazn\u00edk\u016fm, kte\u0159\u00ed se k n\u00e1m pravideln\u011b vrac\u00ed, prod\u00e1me ve\u0161kerou produkci p\u0159\u00edmo &#8222;ze dvora&#8220;. Proto n\u00e1s nepotk\u00e1te na farm\u00e1\u0159sk\u00fdch trz\u00edch.<\/li><\/ul><ul><li><p><strong>Z\u00e1ruka p\u016fvodu:<\/strong> V\u011b\u0159\u00edme, \u017ee p\u0159\u00edroda to vymyslela nejl\u00e9pe.\u00a0V medu od n\u00e1s naleznete pouze to, co do \u00falu donesly pracovit\u00e9 v\u010dely z okoln\u00ed krajiny. \u017d\u00e1dn\u00fd dovoz, \u017e\u00e1dn\u00e9 n\u00e1hra\u017eky, jen <b data-path-to-node=\"10\" data-index-in-node=\"121\">\u010dist\u00e1 pr\u00e1ce v\u010del a dary p\u0159\u00edrody<\/b>.<\/p><\/li><\/ul><p>P\u0159izn\u00e1m se, \u017ee koncem sezony u\u017e m\u00e1m t\u00e9 d\u0159iny a vedra pln\u00e9 zuby.\u00a0 Nemohu se do\u010dkat a\u017e budou v\u010delstva nakrmena a p\u0159ipravena na zimu. Ale pak po zim\u011b pomalu p\u0159ich\u00e1z\u00ed jaro&#8230; a v\u0161e je zapomenuto. Toto obdob\u00ed, kdy v\u010delnice znovu o\u017eije radostn\u00fdm bzukotem a vzduchem se line omamn\u00e1 v\u016fn\u011b nektaru, je <strong>pln\u00e9 radosti a \u017eivotn\u00ed energie<\/strong>.<\/p>\t\t\t\t\t\t\t\t<\/div>\n\t\t\t\t<\/div>\n\t\t<div class=\"elementor-element elementor-element-a1e8510 e-con-full e-flex e-con e-child\" data-id=\"a1e8510\" data-element_type=\"container\" data-e-type=\"container\">\n\t\t<div class=\"elementor-element elementor-element-d13b29d e-con-full e-flex e-con e-child\" data-id=\"d13b29d\" data-element_type=\"container\" data-e-type=\"container\">\n\t\t\t\t<div class=\"elementor-element elementor-element-a063531 elementor-widget elementor-widget-image\" data-id=\"a063531\" data-element_type=\"widget\" data-e-type=\"widget\" data-widget_type=\"image.default\">\n\t\t\t\t<div class=\"elementor-widget-container\">\n\t\t\t\t\t\t\t\t\t\t\t\t\t\t\t<img fetchpriority=\"high\" decoding=\"async\" width=\"740\" height=\"416\" src=\"https:\/\/medovasamota.cz\/domains\/medovasamota.cz\/wp-content\/uploads\/2016\/10\/P1210635-1024x576.jpg\" class=\"attachment-large size-large wp-image-315\" alt=\"\" srcset=\"https:\/\/medovasamota.cz\/domains\/medovasamota.cz\/wp-content\/uploads\/2016\/10\/P1210635-1024x576.jpg 1024w, https:\/\/medovasamota.cz\/domains\/medovasamota.cz\/wp-content\/uploads\/2016\/10\/P1210635-300x169.jpg 300w, https:\/\/medovasamota.cz\/domains\/medovasamota.cz\/wp-content\/uploads\/2016\/10\/P1210635-768x432.jpg 768w\" sizes=\"100vw\" \/>\t\t\t\t\t\t\t\t\t\t\t\t\t\t\t<\/div>\n\t\t\t\t<\/div>\n\t\t<div class=\"elementor-element elementor-element-9331e66 e-con-full e-flex e-con e-child\" data-id=\"9331e66\" data-element_type=\"container\" data-e-type=\"container\">\n\t\t\t\t<div class=\"elementor-element elementor-element-5e8b37d elementor-widget elementor-widget-image\" data-id=\"5e8b37d\" data-element_type=\"widget\" data-e-type=\"widget\" data-widget_type=\"image.default\">\n\t\t\t\t<div class=\"elementor-widget-container\">\n\t\t\t\t\t\t\t\t\t\t\t\t\t\t\t<img decoding=\"async\" width=\"740\" height=\"416\" src=\"https:\/\/medovasamota.cz\/domains\/medovasamota.cz\/wp-content\/uploads\/2016\/10\/WP_20170409_16_42_53_Pro-1024x575.jpg\" class=\"attachment-large size-large wp-image-216\" alt=\"\" srcset=\"https:\/\/medovasamota.cz\/domains\/medovasamota.cz\/wp-content\/uploads\/2016\/10\/WP_20170409_16_42_53_Pro-1024x575.jpg 1024w, https:\/\/medovasamota.cz\/domains\/medovasamota.cz\/wp-content\/uploads\/2016\/10\/WP_20170409_16_42_53_Pro-300x169.jpg 300w, https:\/\/medovasamota.cz\/domains\/medovasamota.cz\/wp-content\/uploads\/2016\/10\/WP_20170409_16_42_53_Pro-768x431.jpg 768w\" sizes=\"100vw\" \/>\t\t\t\t\t\t\t\t\t\t\t\t\t\t\t<\/div>\n\t\t\t\t<\/div>\n\t\t\t\t<\/div>\n\t\t\t\t<\/div>\n\t\t\t\t<\/div>\n\t\t\t\t<\/div>\n\t\t\t\t\t<\/div>\n\t\t\t\t<\/div>\n\t\t<div class=\"elementor-element elementor-element-f6db19a e-flex e-con-boxed e-con e-parent\" data-id=\"f6db19a\" data-element_type=\"container\" data-e-type=\"container\">\n\t\t\t\t\t<div class=\"e-con-inner\">\n\t\t\t\t<div class=\"elementor-element elementor-element-ebc23f0 elementor-widget elementor-widget-text-editor\" data-id=\"ebc23f0\" data-element_type=\"widget\" data-e-type=\"widget\" data-widget_type=\"text-editor.default\">\n\t\t\t\t<div class=\"elementor-widget-container\">\n\t\t\t\t\t\t\t\t\t<h2 data-pm-slice=\"1 3 []\"><span style=\"font-size: 24pt;\"><strong>\u017divot na medov\u00e9 samot\u011b nen\u00ed jen o v\u010del\u00e1ch. \ud83d\udc1d<\/strong><\/span><\/h2>\t\t\t\t\t\t\t\t<\/div>\n\t\t\t\t<\/div>\n\t\t<div class=\"elementor-element elementor-element-dec5d02 e-grid e-con-full e-con e-child\" data-id=\"dec5d02\" data-element_type=\"container\" data-e-type=\"container\">\n\t\t\t\t<div class=\"elementor-element elementor-element-ef6d0f6 elementor-widget elementor-widget-text-editor\" data-id=\"ef6d0f6\" data-element_type=\"widget\" data-e-type=\"widget\" data-widget_type=\"text-editor.default\">\n\t\t\t\t<div class=\"elementor-widget-container\">\n\t\t\t\t\t\t\t\t\t<h4 data-path-to-node=\"9\"><b data-path-to-node=\"9\" data-index-in-node=\"0\"><img decoding=\"async\" class=\"emoji\" role=\"img\" draggable=\"false\" src=\"https:\/\/s.w.org\/images\/core\/emoji\/17.0.2\/svg\/1f43e.svg\" alt=\"\ud83d\udc3e\"> Chovatelsk\u00e1 stanice FCI<\/b><\/h4>\n<p data-path-to-node=\"10\">\u017divot na samot\u011b by nebyl \u00fapln\u00fd bez na\u0161ich ps\u00edch str\u00e1\u017ec\u016f. Pod hlavi\u010dkou <b data-path-to-node=\"10\" data-index-in-node=\"71\">FCI<\/b> se v\u011bnujeme chovu dvou plemen, kter\u00e1 jsou pro n\u00e1s srde\u010dn\u00ed z\u00e1le\u017eitost\u00ed. Na\u0161\u00edm c\u00edlem jsou zdrav\u00e1 a povahov\u011b vyrovnan\u00e1 \u0161t\u011b\u0148ata:<\/p>\n<ul data-path-to-node=\"11\">\n<li>\n<p data-path-to-node=\"11,0,0\"><b data-path-to-node=\"11,0,0\" data-index-in-node=\"0\">Kn\u00edra\u010d st\u0159edn\u00ed (pep\u0159 a s\u016fl):<\/b> Bystr\u00fd a v\u011brn\u00fd par\u0165\u00e1k, pozorn\u00fd spole\u010dn\u00edk.<\/p>\n<\/li>\n<li>\n<p data-path-to-node=\"11,1,0\"><b data-path-to-node=\"11,1,0\" data-index-in-node=\"0\">St\u0159edoasijsk\u00fd pasteveck\u00fd pes:<\/b> Impozantn\u00ed ochr\u00e1nce na\u0161\u00ed samoty s obrovsk\u00fdm srdcem.<\/p>\n<\/li>\n<\/ul>\n<blockquote data-path-to-node=\"12\">\n<p data-path-to-node=\"12,0\"><i data-path-to-node=\"12,0\" data-index-in-node=\"0\">Chcete nov\u00e9ho \u010dlena rodiny?&nbsp; &nbsp; &nbsp; &nbsp; &nbsp; www.drakobijce.cz<\/i><\/p>\n<\/blockquote>\n<hr data-path-to-node=\"13\">\n<h4 data-path-to-node=\"14\"><b data-path-to-node=\"14\" data-index-in-node=\"0\"><img decoding=\"async\" draggable=\"false\" role=\"img\" class=\"emoji\" alt=\"\ud83d\udd25\" src=\"https:\/\/s.w.org\/images\/core\/emoji\/17.0.2\/svg\/1f525.svg\"><img decoding=\"async\" class=\"emoji\" role=\"img\" draggable=\"false\" src=\"https:\/\/s.w.org\/images\/core\/emoji\/17.0.2\/svg\/2744.svg\" alt=\"\u2744\ufe0f\"> Tepeln\u00e1 pohoda a technologie<\/b><\/h4>\n<p data-path-to-node=\"15\">Kdy\u017e zrovna nejsem u v\u010del, pom\u00e1h\u00e1m z\u00e1kazn\u00edk\u016fm s \u0159e\u0161en\u00edm vyt\u00e1p\u011bn\u00ed a chlazen\u00ed.&nbsp;<\/p>\n<h5 class=\"elementor-heading-title elementor-size-default\">v\u00fdpo\u010dty a n\u00e1vrhy &#8211; rozpo\u010dty &#8211; l\u00e9ta praxe<\/h5><div><br><\/div>\n<h5 class=\"elementor-heading-title elementor-size-default\">stovky realizac\u00ed &#8211; spolupr\u00e1ce s profesion\u00e1ly<\/h5><div><br><\/div>\n<h5 class=\"elementor-heading-title elementor-size-default\">zaji\u0161t\u011bna realizace a Z\u00c1RU\u010cN\u00cd A POZ\u00c1RU\u010cN\u00cd servis<\/h5><div><br><\/div>\n<p><i style=\"color: #666666; font-size: 1.125rem;\" data-path-to-node=\"17,0\" data-index-in-node=\"0\">Hled\u00e1te \u00fasporn\u00e9 \u0159e\u0161en\u00ed pro v\u00e1\u0161 domov?&nbsp; &nbsp; &nbsp; &nbsp;www.chlazeni-topeni.cz<\/i><\/p>\t\t\t\t\t\t\t\t<\/div>\n\t\t\t\t<\/div>\n\t\t<div class=\"elementor-element elementor-element-ae6ec9f e-con-full e-flex e-con e-child\" data-id=\"ae6ec9f\" data-element_type=\"container\" data-e-type=\"container\">\n\t\t<div class=\"elementor-element elementor-element-17bebd9 e-con-full e-flex e-con e-child\" data-id=\"17bebd9\" data-element_type=\"container\" data-e-type=\"container\">\n\t\t\t\t<div class=\"elementor-element elementor-element-4232c3a elementor-widget elementor-widget-image\" data-id=\"4232c3a\" data-element_type=\"widget\" data-e-type=\"widget\" data-widget_type=\"image.default\">\n\t\t\t\t<div class=\"elementor-widget-container\">\n\t\t\t\t\t\t\t\t\t\t\t\t\t\t\t<img decoding=\"async\" width=\"740\" height=\"360\" src=\"https:\/\/medovasamota.cz\/domains\/medovasamota.cz\/wp-content\/uploads\/2024\/07\/stenata-6-tydnu-1024x498.jpg\" class=\"attachment-large size-large wp-image-752\" alt=\"\" srcset=\"https:\/\/medovasamota.cz\/domains\/medovasamota.cz\/wp-content\/uploads\/2024\/07\/stenata-6-tydnu-1024x498.jpg 1024w, https:\/\/medovasamota.cz\/domains\/medovasamota.cz\/wp-content\/uploads\/2024\/07\/stenata-6-tydnu-300x146.jpg 300w, https:\/\/medovasamota.cz\/domains\/medovasamota.cz\/wp-content\/uploads\/2024\/07\/stenata-6-tydnu-768x374.jpg 768w, https:\/\/medovasamota.cz\/domains\/medovasamota.cz\/wp-content\/uploads\/2024\/07\/stenata-6-tydnu-1536x747.jpg 1536w, https:\/\/medovasamota.cz\/domains\/medovasamota.cz\/wp-content\/uploads\/2024\/07\/stenata-6-tydnu.jpg 1599w\" sizes=\"100vw\" \/>\t\t\t\t\t\t\t\t\t\t\t\t\t\t\t<\/div>\n\t\t\t\t<\/div>\n\t\t<div class=\"elementor-element elementor-element-d0b7e5a e-con-full e-flex e-con e-child\" data-id=\"d0b7e5a\" data-element_type=\"container\" data-e-type=\"container\">\n\t\t\t\t<div class=\"elementor-element elementor-element-c45ec24 elementor-widget elementor-widget-image\" data-id=\"c45ec24\" data-element_type=\"widget\" data-e-type=\"widget\" data-widget_type=\"image.default\">\n\t\t\t\t<div class=\"elementor-widget-container\">\n\t\t\t\t\t\t\t\t\t\t\t\t\t\t\t<img loading=\"lazy\" decoding=\"async\" width=\"574\" height=\"439\" src=\"https:\/\/medovasamota.cz\/domains\/medovasamota.cz\/wp-content\/uploads\/2025\/11\/avatar-a-azok.jpg\" class=\"attachment-large size-large wp-image-807\" alt=\"\" srcset=\"https:\/\/medovasamota.cz\/domains\/medovasamota.cz\/wp-content\/uploads\/2025\/11\/avatar-a-azok.jpg 574w, https:\/\/medovasamota.cz\/domains\/medovasamota.cz\/wp-content\/uploads\/2025\/11\/avatar-a-azok-300x229.jpg 300w\" sizes=\"100vw\" \/>\t\t\t\t\t\t\t\t\t\t\t\t\t\t\t<\/div>\n\t\t\t\t<\/div>\n\t\t\t\t<\/div>\n\t\t\t\t<\/div>\n\t\t\t\t<\/div>\n\t\t\t\t<\/div>\n\t\t\t\t\t<\/div>\n\t\t\t\t<\/div>\n\t\t\t\t<\/div>\n\t\t","protected":false},"excerpt":{"rendered":"<p>\ud83c\udf6f Rodinn\u00e1 tradice a poctiv\u00fd med V\u00edce ne\u017e 70 let s l\u00e1skou ke v\u010del\u00e1m V\u010dela\u0159en\u00ed nen\u00ed pro mne jen prac\u00ed, je to kon\u00ed\u010dek, je to \u017eivotn\u00ed styl a d\u011bdictv\u00ed. V\u010dely chov\u00e1me v na\u0161\u00ed rodin\u011b v\u00edce ne\u017e sedm desetilet\u00ed. J\u00e1 s\u00e1m jsem mezi \u00faly vyrostl a v\u010dely m\u011b prov\u00e1zej\u00ed cel\u00fdm \u017eivotem.\u00a0 V sou\u010dasn\u00e9 dob\u011b pe\u010dujeme o &hellip; <\/p>\n<p class=\"link-more\"><a href=\"https:\/\/medovasamota.cz\/domains\/medovasamota.cz\/o-nas\/\" class=\"more-link\">Pokra\u010dovat ve \u010dten\u00ed<span class=\"screen-reader-text\"> &#8222;O n\u00e1s&#8220;<\/span><\/a><\/p>\n","protected":false},"author":1,"featured_media":0,"parent":0,"menu_order":0,"comment_status":"closed","ping_status":"closed","template":"elementor_header_footer","meta":{"footnotes":""},"class_list":["post-48","page","type-page","status-publish","hentry"],"_links":{"self":[{"href":"https:\/\/medovasamota.cz\/domains\/medovasamota.cz\/wp-json\/wp\/v2\/pages\/48","targetHints":{"allow":["GET"]}}],"collection":[{"href":"https:\/\/medovasamota.cz\/domains\/medovasamota.cz\/wp-json\/wp\/v2\/pages"}],"about":[{"href":"https:\/\/medovasamota.cz\/domains\/medovasamota.cz\/wp-json\/wp\/v2\/types\/page"}],"author":[{"embeddable":true,"href":"https:\/\/medovasamota.cz\/domains\/medovasamota.cz\/wp-json\/wp\/v2\/users\/1"}],"replies":[{"embeddable":true,"href":"https:\/\/medovasamota.cz\/domains\/medovasamota.cz\/wp-json\/wp\/v2\/comments?post=48"}],"version-history":[{"count":79,"href":"https:\/\/medovasamota.cz\/domains\/medovasamota.cz\/wp-json\/wp\/v2\/pages\/48\/revisions"}],"predecessor-version":[{"id":1109,"href":"https:\/\/medovasamota.cz\/domains\/medovasamota.cz\/wp-json\/wp\/v2\/pages\/48\/revisions\/1109"}],"wp:attachment":[{"href":"https:\/\/medovasamota.cz\/domains\/medovasamota.cz\/wp-json\/wp\/v2\/media?parent=48"}],"curies":[{"name":"wp","href":"https:\/\/api.w.org\/{rel}","templated":true}]}}